{"id":13350,"date":"2025-01-23T21:33:22","date_gmt":"2025-01-23T21:33:22","guid":{"rendered":"https:\/\/progenia.ch\/shop\/?post_type=product&#038;p=13350"},"modified":"2025-11-01T13:42:55","modified_gmt":"2025-11-01T12:42:55","slug":"vom-glueck-des-nichtstuns","status":"publish","type":"product","link":"https:\/\/progenia.ch\/shop\/produkte\/buchwelten\/vom-glueck-des-nichtstuns\/","title":{"rendered":"Vom Gl\u00fcck des Nichtstuns"},"content":{"rendered":"<p>Faulenzer! Sitzenbleiber! Taugenichts!<br \/>\nIn der P\u00e4dagogik sind Nichtstun und Mu\u00dfe negativ besetzt.<br \/>\nDoch der Schein tr\u00fcgt: Ist das Nichtstun keine Voraussetzung f\u00fcr eine gelungene Lebensgestaltung? Ist Bildung ohne Mu\u00dfe \u00fcberhaupt m\u00f6glich?<br \/>\nDer Philosoph Bertrand Stern und der Erziehungswissenschaftler Ulrich Klemm sehen im Nichtstun und in der Mu\u00dfe eine Grundbedingung f\u00fcr menschliche Selbstentfaltung und Begegnung. Daher fordern sie:<\/p>\n<p>Mu\u00dfe statt P\u00e4dagogik!<\/p>\n","protected":false},"excerpt":{"rendered":"<p>Mu\u00dfe statt P\u00e4dagogik<\/p>\n<p>Autoren: Ulrich Klemm, Bertrand Stern<br \/>\nErscheinungsjahr: 2010<br \/>\nVerlag: tologo verlag und klemm+oelschl\u00e4ger<\/p>\n","protected":false},"featured_media":13429,"comment_status":"open","ping_status":"closed","template":"","meta":{"_acf_changed":false},"product_brand":[],"product_cat":[2395],"product_tag":[2392],"class_list":{"0":"post-13350","1":"product","2":"type-product","3":"status-publish","4":"has-post-thumbnail","6":"product_cat-buchwelten","7":"product_tag-bertrand-stern","9":"first","10":"instock","11":"sold-individually","12":"taxable","13":"shipping-taxable","14":"product-type-simple"},"acf":[],"_links":{"self":[{"href":"https:\/\/progenia.ch\/shop\/wp-json\/wp\/v2\/product\/13350","targetHints":{"allow":["GET"]}}],"collection":[{"href":"https:\/\/progenia.ch\/shop\/wp-json\/wp\/v2\/product"}],"about":[{"href":"https:\/\/progenia.ch\/shop\/wp-json\/wp\/v2\/types\/product"}],"replies":[{"embeddable":true,"href":"https:\/\/progenia.ch\/shop\/wp-json\/wp\/v2\/comments?post=13350"}],"wp:featuredmedia":[{"embeddable":true,"href":"https:\/\/progenia.ch\/shop\/wp-json\/wp\/v2\/media\/13429"}],"wp:attachment":[{"href":"https:\/\/progenia.ch\/shop\/wp-json\/wp\/v2\/media?parent=13350"}],"wp:term":[{"taxonomy":"product_brand","embeddable":true,"href":"https:\/\/progenia.ch\/shop\/wp-json\/wp\/v2\/product_brand?post=13350"},{"taxonomy":"product_cat","embeddable":true,"href":"https:\/\/progenia.ch\/shop\/wp-json\/wp\/v2\/product_cat?post=13350"},{"taxonomy":"product_tag","embeddable":true,"href":"https:\/\/progenia.ch\/shop\/wp-json\/wp\/v2\/product_tag?post=13350"}],"curies":[{"name":"wp","href":"https:\/\/api.w.org\/{rel}","templated":true}]}}