{"id":11477,"date":"2023-10-07T17:46:38","date_gmt":"2023-10-07T17:46:38","guid":{"rendered":"https:\/\/progenia.ch\/shop\/?post_type=product&#038;p=11477"},"modified":"2025-11-01T13:04:22","modified_gmt":"2025-11-01T12:04:22","slug":"die-statue-des-pechs","status":"publish","type":"product","link":"https:\/\/progenia.ch\/shop\/produkte\/buchwelten\/die-statue-des-pechs\/","title":{"rendered":"Die Statue des Pechs"},"content":{"rendered":"<p>Jonny \u00e4rgerte sich, sein Freund Tom konnte sich nicht mehr von seinem Buch trennen. Er war so gefangen in jener Welt, so dass die Geschichte im Buch zur Realit\u00e4t wurde. Ein Zeitungsausschnitt verriet ein unglaubliches Geheimnis aus Simons Familie. Er begab sich auf die gef\u00e4hrliche Suche nach diesem Geheimnis. Die Erde wurde von Pflanzen verschlungen. Was hatte das zu bedeuten?<\/p>\n<p>Die Kurzgeschichten, die Marlene G\u00f6tsch alias Rosa im Alter von 11 Jahren zu verfassen begann, er\u00f6ffnen einen erstaunlichen Tiefgang in magische Zwischenwelten. Von der ersten Stunde an war sie entschlossen, ein junges Publikum mit ihren Geschichten f\u00fcrs Lesen zu begeistern. Was daraus in ihrem jugendlichen Elan entstanden ist, vermag auch \u00c4ltere zu ber\u00fchren.<\/p>\n<p>Das Buch ist mit faszinierenden und kunstvollen Schabkartonbildern von Marion R\u00fcesch illustriert.<\/p>\n","protected":false},"excerpt":{"rendered":"<p>Kurzgeschichten<\/p>\n<p>Autorin: Marlene G\u00f6tsch alias Rosa<br \/>\nRealisationsjahre: 2017-2021<br \/>\nVerlag: Goldmacherverlag<\/p>\n","protected":false},"featured_media":11524,"comment_status":"open","ping_status":"closed","template":"","meta":{"_acf_changed":false},"product_brand":[],"product_cat":[2395],"product_tag":[2386],"class_list":{"0":"post-11477","1":"product","2":"type-product","3":"status-publish","4":"has-post-thumbnail","6":"product_cat-buchwelten","7":"product_tag-hannes-csoegl","8":"product_shipping_class-progenia-edition","10":"first","11":"instock","12":"sold-individually","13":"taxable","14":"shipping-taxable","15":"product-type-simple"},"acf":[],"_links":{"self":[{"href":"https:\/\/progenia.ch\/shop\/wp-json\/wp\/v2\/product\/11477","targetHints":{"allow":["GET"]}}],"collection":[{"href":"https:\/\/progenia.ch\/shop\/wp-json\/wp\/v2\/product"}],"about":[{"href":"https:\/\/progenia.ch\/shop\/wp-json\/wp\/v2\/types\/product"}],"replies":[{"embeddable":true,"href":"https:\/\/progenia.ch\/shop\/wp-json\/wp\/v2\/comments?post=11477"}],"wp:featuredmedia":[{"embeddable":true,"href":"https:\/\/progenia.ch\/shop\/wp-json\/wp\/v2\/media\/11524"}],"wp:attachment":[{"href":"https:\/\/progenia.ch\/shop\/wp-json\/wp\/v2\/media?parent=11477"}],"wp:term":[{"taxonomy":"product_brand","embeddable":true,"href":"https:\/\/progenia.ch\/shop\/wp-json\/wp\/v2\/product_brand?post=11477"},{"taxonomy":"product_cat","embeddable":true,"href":"https:\/\/progenia.ch\/shop\/wp-json\/wp\/v2\/product_cat?post=11477"},{"taxonomy":"product_tag","embeddable":true,"href":"https:\/\/progenia.ch\/shop\/wp-json\/wp\/v2\/product_tag?post=11477"}],"curies":[{"name":"wp","href":"https:\/\/api.w.org\/{rel}","templated":true}]}}